8?
-14
0 (base 6) to base 7
0
What is -10101 (base 3) in base 16?
-5b
What is 34 (base 7) in base 9?
27
Convert 2e (base 16) to base 14.
34
What is -10100011 (base 2) in base 8?
-243
What is 0 (base 4) in base 5?
0
What is -22 (base 3) in base 15?
-8
What is -53 (base 6) in base 10?
-33
Convert -211 (base 3) to base 15.
-17
Convert -5 (base 9) to base 2.
-101
Convert -13 (base 10) to base 5.
-23
Convert -77 (base 10) to base 7.
-140
What is 1010110 (base 2) in base 14?
62
-96 (base 13) to base 10
-123
-45 (base 15) to base 4
-1001
-10 (base 6) to base 4
-12
Convert 4 (base 15) to base 12.
4
Convert 10 (base 7) to base 3.
21
What is -266 (base 7) in base 8?
-222
What is 4 (base 16) in base 10?
4
-3 (base 7) to base 6
-3
-2 (base 5) to base 14
-2
-1120 (base 3) to base 16
-2a
100111 (base 3) to base 9
314
Convert -4 (base 11) to base 13.
-4
Convert 26 (base 16) to base 6.
102
Convert 11 (base 10) to base 16.
b
Convert 2a (base 15) to base 12.
34
Convert 8 (base 13) to base 11.
8
6 (base 9) to base 3
20
What is -100001 (base 2) in base 15?
-23
46 (base 7) to base 10
34
Convert 167 (base 8) to base 4.
1313
What is 0 (base 11) in base 10?
0
What is 37 (base 8) in base 6?
51
90 (base 11) to base 10
99
Convert 9 (base 11) to base 2.
1001
Convert 15 (base 6) to base 11.
10
What is 0 (base 5) in base 11?
0
11 (base 12) to base 2
1101
What is -1000011 (base 2) in base 4?
-1003
What is 113 (base 5) in base 6?
53
What is -1 (base 12) in base 13?
-1
Convert -150 (base 10) to base 14.
-aa
-21 (base 9) to base 10
-19
-101110 (base 2) to base 11
-42
Convert 11 (base 16) to base 13.
14
What is -45 (base 10) in base 2?
-101101
Convert -2 (base 14) to base 5.
-2
What is 4 (base 9) in base 7?
4
-8 (base 10) to base 11
-8
-34 (base 5) to base 8
-23
What is -102 (base 3) in base 9?
-12
Convert 15 (base 7) to base 15.
c
Convert 9 (base 13) to base 12.
9
Convert 123 (base 5) to base 6.
102
What is -8 (base 15) in base 4?
-20
Convert 1 (base 8) to base 13.
1
Convert 4 (base 11) to base 16.
4
Convert 164 (base 9) to base 6.
351
What is 35 (base 13) in base 11?
40
-3 (base 9) to base 12
-3
7 (base 12) to base 14
7
Convert 212 (base 5) to base 9.
63
Convert -42 (base 7) to base 6.
-50
What is 23 (base 4) in base 3?
102
What is 80 (base 10) in base 14?
5a
23 (base 9) to base 16
15
Convert -28 (base 15) to base 10.
-38
-4 (base 8) to base 2
-100
Convert 13 (base 7) to base 12.
a
Convert 110 (base 2) to base 8.
6
2 (base 3) to base 9
2
Convert 1121 (base 5) to base 13.
c5
6 (base 13) to base 11
6
What is -7 (base 9) in base 4?
-13
-20 (base 10) to base 7
-26
-34 (base 10) to base 3
-1021
Convert -2f (base 16) to base 12.
-3b
1303 (base 4) to base 3
11021
60 (base 11) to base 10
66
Convert -45 (base 8) to base 9.
-41
-14 (base 8) to base 3
-110
Convert -34 (base 14) to base 12.
-3a
11 (base 4) to base 16
5
What is -3 (base 8) in base 2?
-11
What is -1331 (base 4) in base 11?
-104
Convert 1 (base 4) to base 11.
1
4 (base 7) to base 9
4
What is 5 (base 15) in base 7?
5
77 (base 8) to base 12
53
Convert -11 (base 3) to base 9.
-4
Convert -363 (base 7) to base 8.
-300
What is -4 (base 10) in base 11?
-4
3 (base 9) to base 14
3
-427 (base 8) to base 13
-186
-11 (base 9) to base 14
-a
What is 43 (base 6) in base 8?
33
What is -89 (base 12) in base 5?
-410
Convert -67 (base 16) to base 6.
-251
What is -4d (base 15) in base 6?
-201
Convert -10010 (base 2) to base 15.
-13
What is 14 (base 5) in base 12?
9
10 (base 5) to base 6
5
-3 (base 5) to base 9
-3
What is -110001 (base 3) in base 4?
-11011
Convert 35 (base 9) to base 11.
2a
-121 (base 6) to base 9
-54
61 (base 7) to base 15
2d
65 (base 7) to base 16
2f
11 (base 3) to base 4
10
Convert 111 (base 14) to base 10.
211
Convert -13 (base 6) to base 16.
-9
What is 2a (base 11) in base 9?
35
Convert -10 (base 12) to base 13.
-c
Convert 44 (base 12) to base 6.
124
Convert -20 (base 10) to base 5.
-40
Convert -10 (base 10) to base 13.
-a
What is 7 (base 8) in base 5?
12
What is -58 (base 11) in base 15?
-43
-6 (base 10) to base 13
-6
10 (base 5) to base 15
5
Convert 3 (base 4) to base 8.
3
What is 1 (base 2) in base 4?
1
What is -2 (base 4) in base 13?
-2
What is 4 (base 12) in base 15?
4
-11 (base 3) to base 10
-4
Convert -72 (base 9) to base 14.
-49
What is 11 (base 5) in base 9?
6
What is -24 (base 7) in base 3?
-200
-106 (base 11) to base 12
-a7
What is -1 (base 2) in base 6?
-1
What is 121 (base 4) in base 12?
21
What is 3 (base 11) in base 12?
3
Convert -9 (base 10) to base 13.
-9
What is 11 (base 15) in base 2?
10000
What is 39 (base 15) in base 16?
36
What is -10 (base 6) in base 12?
-6
Convert -21 (base 11) to base 12.
-1b
Convert -7 (base 12) to base 8.
-7
-2 (base 8) to base 10
-2
Convert -4 (base 11) to base 12.
-4
Convert -17 (base 15) to base 10.
-22
Convert 11 (base 8) to base 15.
9
Convert 10b (base 12) to base 16.
9b
What is -187 (base 11) in base 12?
-160
What is -1 (base 4) in base 13?
-1
What is -1 (base 8) in base 3?
-1
What is -235 (base 10) in base 13?
-151
Convert -5 (base 6) to base 8.
-5
-308 (base 9) to base 5
-2001
-7 (base 16) to base 5
-12
1 (base 2) to base 16
1
-5 (base 14) to base 7
-5
Convert 60 (base 7) to base 11.
39
Convert -10 (base 3) to base 16.
-3
Convert 1 (base 10) to base 5.
1
What is -10 (base 3) in base 11?
-3
-46 (base 9) to base 10
-42
-5 (base 16) to base 7
-5
3 (base 4) to base 12
3
Convert -22 (base 12) to base 8.
-32
What is 110100 (base 2) in base 8?
64
Convert 2 (base 11) to base 15.
2
-1344 (base 5) to base 3
-22022
Convert 7c (base 14) to base 13.
86
Convert 11 (base 10) to base 5.
21
What is -44 (base 6) in base 9?
-31
Convert 0 (base 16) to base 2.
0
What is -110001 (base 2) in base 6?
-121
11 (base 5) to base 11
6
Convert -41 (base 10) to base 8.
-51
What is -4 (base 8) in base 12?
-4
What is -10000 (base 2) in base 14?
-12
What is -10 (base 12) in base 5?
-22
Convert 30 (base 9) to base 8.
33
Convert 34 (base 5) to base 7.
25
-223 (base 7) to base 6
-311
What is 2 (base 16) in base 11?
2
What is 14 (base 9) in base 13?
10
What is -236 (base 8) in base 12?
-112
Convert -1110 (base 3) to base 9.
-43
What is 426 (base 7) in base 12?
160
What is -58 (base 14) in base 7?
-141
-34 (base 11) to base 13
-2b
What is -21 (base 8) in base 12?
-15
What is 19 (base 15) in base 11?
22
Convert -150 (base 7) to base 14.
-60
Convert -17 (base 15) to base 5.
-42
8 (base 14) to base 3
22
Convert -10 (base 3) to base 7.
-3
What is 6 (base 7) in base 8?
6
-235 (base 6) to base 10
-95
20 (base 5) to base 9
11
15 (base 8) to base 7
16
6 (base 8) to base 9
6
What is 15a (base 11) in base 6?
510
Convert -2 (base 14) to base 16.
-2
What is 8 (base 15) in base 12?
8
What is -112 (base 3) in base 8?
-16
Convert -29 (base 10) to base 8.
-35
What is -9 (base 15) in base 11?
-9
Convert 14 (base 6) to base 13.
a
What is 6 (base 8) in base 6?
10
What is 163 (base 10) in base 3?
20001
What is -8a (base 14) in base 4?
-1322
Convert 13 (base 8) to base 4.
23
-12 (base 3) to base 9
-5
Convert 405 (base 6) to base 12.
105
-267 (base 12) to base 5
-2432
-2 (base 5) to base 4
-2
Convert 3 (base 12) to base 9.
3
Convert 174 (base 10) to base 7.
336
-22 (base 13) to base 9
-31
What is 15 (base 8) in base 4?
31
What is 11 (base 6) in base 2?
111
Convert -5 (base 11) to base 2.
-101
What is 140 (base 6) in base 7?
114
Convert 5 (base 7) to base 11.
5
What is 38 (base 10) in base 8?
46
-10 (base 6) to base 12
-6
What is 3 (base 5) in base 8?
3
What is 2 (base 8) in base 6?
2
Convert 2 (base 13) to base 15.
2
3 (base 9) to base 2
11
187 (base 13) to base 7
550
Convert 10201 (base 3) to base 14.
72
What is 2 (base 15) in base 5?
2
13 (base 15) to base 9
20
Convert 1 (base 5) to base 7.
1
What is -10 (base 3) in base 13?
-3
-1 (base 5) to base 4
-1
What is -20 (base 5) in base 3?
-101
-134 (base 10) to base 11
-112
Convert -2e (base 16) to base 11.
-42
Convert -63 (base 15) to base 7.
-162
Convert 6 (base 12) to base 3.
20
-4 (base 5) to base 14
-4
Convert 0 (base 5) to base 14.
0
-10 (base 2) to base 10
-2
142 (base 5) to base 7
65
33 (base 7) to base 6
40
66 (base 10) to base 13
51
Convert 40 (base 7) to base 8.
34
4 (base 6) to base 3
11
Convert -55 (base 14) to base 2.
-1001011
-b (base 13) to base 8
-13
What is -59 